divisor of h and 15?
5
Suppose 0 = 26*r - 48*r + 1100. Calculate the greatest common factor of 4 and r.
2
Let v = 1 + -30. Let f = v + 43. Suppose 51*i - 47*i = 2*w - 292, 3*i + 9 = 0. Calculate the greatest common factor of w and f.
14
Suppose -a - 16 = 7*u - 8*u, 3*a - 12 = 0. What is the greatest common divisor of 40 and u?
20
Let h(c) = -4*c + 5. Let u be h(-4). Calculate the highest common divisor of u and 12.
3
Let c be (-10)/4*4/(-5). Suppose 7*f = c*f + 10. Suppose f*b + b = 15. What is the greatest common factor of b and 55?
5
Let x(k) = -2*k**2 - 9*k + 22. Let r be x(-6). What is the greatest common factor of r and 52?
4
Let i be (48/(-2))/(1/(4/(-8))). Calculate the greatest common factor of 2724 and i.
12
Suppose 5*k + 13 = -7. Let l(r) = -r**2 - 5*r - 4. Let a be l(k). Suppose a + 144 = z. Calculate the greatest common factor of z and 16.
16
Suppose -4*h + 44 = -0*q + 5*q, 0 = -q + h + 7. Let n = -244 - -264. What is the highest common divisor of n and q?
4
Let y = -61 - -231. Calculate the highest common factor of 50 and y.
10
Let o(f) = -f**2 - 19*f - 7. Let s be o(-19). Let p be (25/15)/(-2 - s/3). Calculate the greatest common divisor of p and 55.
5
Let w be 7*30824/56 + 10/(-2). Calculate the highest common divisor of w and 13.
13
Let h(a) = 2*a + 2. Let w be h(-5). Let z be (-28)/70 - 134/(-10). Let l = z + w. What is the highest common divisor of l and 2?
1
Suppose 3*p + 142 = 5*i, -3*p + 2*i - 48 = -2*p. Let m = p + 69. What is the highest common factor of 175 and m?
25
Let k(x) = -x**3 + 6*x**2 - 8*x + 8. Let d be k(4). Suppose d*o = 5*o + 6. What is the greatest common factor of 10 and o?
2
Suppose 38*l - 612 - 794 = 0. Calculate the greatest common factor of l and 259.
37
Let g(y) = -y**2 - 13*y - 15. Let r(w) = -w. Let b(i) = g(i) + 6*r(i). Let m be b(-16). What is the highest common divisor of m and 6?
3
Suppose -4*u + 62 = 2*x, -u - 5*x + 7*x = -3. Calculate the greatest common divisor of u and 3.
1
Suppose 0 = -2*x + x + 4*w - 24, -3*w = 4*x + 153. Let f = x - -51. What is the greatest common divisor of 5 and f?
5
Suppose y - 2*y = -4. Suppose -w + y*w = 18. Suppose -9*c + 5 = -15*c + 59. Calculate the greatest common divisor of w and c.
3
Let n = 516 + -492. What is the highest common factor of 210 and n?
6
Let l(q) = q**3 - 2*q**2 - 4*q - 4. Let h be l(4). Let b be 20/35 + (-87)/(-7). Let r = 49 - b. What is the highest common factor of r and h?
12
Suppose -7*n = -654 - 256. Let l = -108 + n. What is the greatest common divisor of l and 22?
22
Suppose -3*s - 17 + 2 = 0, 87 = 2*w - 3*s. Calculate the highest common divisor of w and 18.
18
Suppose -5*v + 367 = -898. Let y = -54 + 77. What is the highest common factor of v and y?
23
Let f = -2361 + 2556. Calculate the greatest common divisor of 1040 and f.
65
Suppose 48*b - 11 = 45*b + 4*c, 0 = 2*b - c - 9. Calculate the highest common factor of 45 and b.
5
Let z be ((-12)/(-10))/((-6)/(-160)). Let r be 180/36*(1 - (-27)/5). Calculate the highest common factor of z and r.
32
Let d be (3 + -2)*(-2 + 1). Let q = -1 - d. Let a(s) = -s + 39. Let h be a(q). What is the highest common factor of 26 and h?
13
Let a = 41 + -46. Let h be -3*15/a*7. What is the greatest common factor of 21 and h?
21
Let c be (-20)/(2 + 3) + 20. Suppose 17*i - c*i - 204 = 0. Calculate the highest common factor of i and 12.
12
Suppose 2*l + 2*l + 12 = -2*j, -5 = -5*j - 3*l. Suppose j*d = 20 + 16. Let i be d/3 + (-5 - -4). Calculate the highest common factor of i and 3.
1
Let n = -22 + -164. Let k = 35 - n. What is the highest common factor of k and 17?
17
Suppose -2*a - 27 = -3*a. Let j be 2701/296 + (-1 - (-14)/16). What is the highest common factor of a and j?
9
Suppose 6*a - 4*a - 2 = 0. Let y be a + 7 - (4 - 0). What is the highest common divisor of 28 and y?
4
Let h = -1335 + 1361. What is the greatest common factor of h and 689?
13
Suppose 30 = 4*a - 2*h, 0 = 3*a + 4*h - 25 - 25. Suppose -n + 25 = 4*n. Let o(p) = 2*p**2 + 2*p. Let x be o(n). Calculate the highest common factor of a and x.
10
Let r = -1812 - -2134. What is the greatest common divisor of 28 and r?
14
Suppose j - 1736 = -4*i, -4*i - 598 = 2*j - 2334. What is the greatest common factor of 62 and i?
62
Let b(d) = -d + 5*d - 1 - 2*d. Let s be b(0). Let t be 1/s*(-2 - 1). Calculate the greatest common factor of 2 and t.
1
Let n = -9 + 11. Let c be n - ((-4)/14 + (-416)/14). Calculate the greatest common divisor of c and 4.
4
Suppose -3*a - 265 = -5*p, 17 = -2*p - 4*a + 97. Calculate the highest common divisor of p and 350.
50
Let d be ((-1)/(2/80))/(-1). Suppose 0 = -4*h - h + 40. Let q be h/(-3)*(-3)/1. Calculate the highest common divisor of d and q.
8
Suppose -2*w + 368 + 1056 = 0. What is the greatest common divisor of w and 16?
8
Let o = 279 - 146. What is the greatest common factor of 76 and o?
19
Let l(m) = -11*m - 8. Let g be l(-8). Let k(d) = d**3 - 7*d**2 + 5*d + 2. Let x be k(6). Let z be (-14)/x*20/7. What is the highest common factor of g and z?
10
Let l(w) = -w - 2. Let r be l(-2). Suppose 2*p = -r*p + 12. Suppose 59*f = 67*f - 48. What is the greatest common divisor of f and p?
6
Let p be (-1 + 238/(-10))*(-113 + 103). What is the greatest common divisor of 155 and p?
31
Let t = 29 + 31. Calculate the highest common divisor of 5 and t.
5
Let y(x) = 9*x + 119. Let k be y(-12). Calculate the greatest common divisor of k and 715.
11
Suppose 10*v - 241 = 639. Let i be 2 - 2/1 - -11. What is the highest common divisor of i and v?
11
Let i = 181 - 121. Let h = i - 35. What is the highest common divisor of h and 50?
25
Let z = 11 - -2. Let n be 1642/18 + (-40)/180. Let y = 130 - n. What is the highest common factor of z and y?
13
Suppose 0 = -148*m + 145*m + 735. What is the highest common divisor of 35 and m?
35
Let n be 1*7*(21 + -22 - -10). Let c = 1 - -6. What is the highest common divisor of c and n?
7
Let u be (-7 - 3)*(-16)/5. Suppose -2*a + u = -0*a. Suppose -8 = -2*c, 9*s + 4*c + 64 = 14*s. Calculate the greatest common divisor of a and s.
16
Suppose -4394 - 3510 = -16*v. Calculate the greatest common divisor of 38 and v.
38
Suppose -5*d - 2*x = -4*d - 7, -4*x = -d - 11. Let r be d/(-4)*-23 + 1/4. What is the highest common factor of r and 6?
6
Suppose -11*n = 48 + 18. Let p be 6*(1/(-6) - n/4). What is the greatest common divisor of p and 88?
8
Suppose -6*r = 15 - 69. Suppose 0 = r*p - 6*p - 6. What is the highest common factor of 8 and p?
2
Let s(o) = o**2 + 5*o + 48. Let f be s(0). What is the greatest common divisor of 32 and f?
16
Let o(h) be the third derivative of 1/6*h**4 - 1/20*h**5 + 0 - 1/60*h**6 + 0*h + h**3 - 4*h**2. Let z be o(-4). What is the greatest common factor of z and 7?
7
Suppose 10 = -t + 2*t + u, 3*u = 4*t - 26. Suppose 170 = -3*j + t*j - o, -50 = -j - 3*o. Calculate the greatest common divisor of j and 14.
7
Let g = 17 - 10. Let s(r) = -r**2 + 7 - 5*r**2 - 6*r + r**3 - r. Let d be s(g). What is the greatest common divisor of d and 14?
7
Suppose 3 - 11 = -o. Let x(s) = -s + 20. Let t(k) = -k**2. Let r be t(0). Let m be x(r). Calculate the highest common divisor of o and m.
4
Let n(c) = -2*c**2 - 51*c - 70. Let f be n(-24). What is the highest common factor of 13 and f?
1
Suppose 2*x - 3*x + 4 = 3*g, 0 = -2*g - 8. Suppose 0 = i - 6*o + 2*o - 24, i + 4*o + x = 0. What is the highest common divisor of i and 28?
4
Let y(g) = 8*g + 184. Let o be y(-19). What is the highest common divisor of o and 40?
8
Suppose 3*a - 2*c - 100 = 0, -50 = -2*a - 0*c - 2*c. Let f = -14 + a. Suppose -4*l + f = -12. Calculate the highest common factor of 21 and l.
7
Let f(j) = -9*j + 5. Let h be f(-3). Let u = h + -21. Let p be 0 + 1 - 1 - -11. What is the greatest common divisor of u and p?
11
Let s(w) = 278*w. Let x be s(6). Calculate the greatest common divisor of x and 12.
12
Let y(r) = -r + 14. Let g be y(14). Suppose -4*q - 5*q + 9 = g. Calculate the highest common divisor of q and 5.
1
Let g = -2518 - -2605. Calculate the greatest common factor of g and 551.
29
Let j be 1 + -6 - (-258 - (-16 + 35)). Calculate the highest common divisor of 112 and j.
16
Let o be (54/(-4))/(-3)*1350/405. Let d be (-1)/2*(-3 - -15). Let b be 2/((-1)/(405/d)). Calculate the greatest common divisor of b and o.
15
Let v(l) = l*